en u is divided by b*15 - (-42 - -49).
5
Let h = 7673 - 7641. What is the remainder when 62 is divided by h?
30
Suppose 65*h = 64*h + 13. Let o = 11 - 7. Let w(f) = f**2 - 2*f - 3. Calculate the remainder when h is divided by w(o).
3
Let p(r) = 8*r + 112. Let u be p(-12). Suppose u*k + 11*k = 5238. Calculate the remainder when k is divided by 14.
12
What is the remainder when 2384 is divided by 57312/(-192)*8/(-12)?
195
Let n = 66 - 46. Let g(u) = -u**3 - 28*u**2 - 287*u - 9156. Calculate the remainder when n is divided by g(-29).
4
Suppose -4*j - 4*a + 0 = -380, 3*a - 9 = 0. Let t(i) = i**2 + 2*i + 1. Calculate the remainder when j is divided by t(-5).
12
Let r be 1 + -2 - -2 - (0 - 3). Suppose 16 + 0 = -4*s, -r*p = 4*s - 440. Calculate the remainder when p is divided by 29.
27
Let u(f) = -f**3 + 18*f**2 - 24*f - 300. Calculate the remainder when 6361 is divided by u(14).
145
Suppose 15*b - 2*i - 4164 = 13*b, 0 = 3*i + 18. What is the remainder when b is divided by 21?
18
Suppose 21*d = 210 + 105. Suppose d*w = 11*w + 260. Calculate the remainder when w is divided by 36.
29
Let g = -18 + 7. Let w(y) = -y**3 - 10*y**2 + 15*y + 8. Let d be w(g). Let x = 44 + d. What is the remainder when 53 is divided by x?
5
Suppose -4*r + 2*y + 26 = 0, 4*r - y - 23 - 8 = 0. Suppose -134 + 17 = -r*h. Let b(t) = 14*t - 3. What is the remainder when b(2) is divided by h?
12
What is the remainder when ((-1074)/(-4))/((-735)/(-2280) - (-11)/209) is divided by 106?
80
What is the remainder when (-9597)/(-75) - 209/(-5225) is divided by 30?
8
Let c(m) = -9*m - 1. Suppose 9*i = 90 + 18. What is the remainder when c(-3) is divided by -3 + (-154)/(-8) - 15/i?
11
Calculate the remainder when 10 + (194 - (2 - -2 - 4)) is divided by 175.
29
Suppose 98*u = 152*u - 68040. What is the remainder when u is divided by 206?
24
Let d = 50 + -44. Let q be 2/28*-46 + d/21. Calculate the remainder when ((-10)/3)/((-1)/(-3))*q is divided by 8.
6
Suppose y + 471 + 490 = 4*q, 229 = q - 4*y. What is the remainder when q is divided by 61?
58
Let w(l) = -14*l + 70. Let o be w(5). Suppose 268 = f - p, -2*f + f + 2*p + 268 = o. What is the remainder when f is divided by 15?
13
Let w(x) = -30*x + 12*x**3 - 13*x**3 + 5 + 29*x. What is the remainder when 13 is divided by w(0)?
3
Let a = 11 + 0. Suppose 441*b - 10161 = -99*b + 7119. Calculate the remainder when b is divided by (-3 - -2) + a + 1.
10
Suppose 27*m - 4*m = 345. Let j = 5 - 2. Suppose -5*f = -15, -357 = -5*i - 2*f + j*f. What is the remainder when i is divided by m?
12
Calculate the remainder when (((-44)/231)/((-8)/(-3756)))/(1/(-7)) is divided by 11.
10
Suppose -3*r - 2*r = 16*r - 399. Let z(o) = 3*o**2 - o + 4. Let j be z(-5). Suppose -3*s + j = -24. What is the remainder when s is divided by r?
17
Let w = 10074 - 9819. What is the remainder when w is divided by 84?
3
Suppose 0 = 335*w - 337*w + 8. Suppose -840 = -w*q - 4*v, 9*q - 5*v - 392 = 7*q. What is the remainder when q is divided by 30?
26
Let f = 264576 + -264553. Calculate the remainder when 2031/15 - 4/10 is divided by f.
20
Let q = 10 + 2. Suppose 5 = 3*t + 5*y - 16, 2*t + 4*y = q. Suppose 2*i + 3*c = 35, 0 = 3*i + 2*i - c - 113. Calculate the remainder when i is divided by t.
10
Let p(c) = c**2 + 5*c - 15. Let y(w) = -w**3 + 8*w**2 + 22*w - 15. Let k be y(10). Suppose 3*i - 6 - 12 = 0. Calculate the remainder when p(k) is divided by i.
5
Let w = 127 + -72. Suppose 4*z - w = k - z, 35 = -k + z. Let d = k + 67. Calculate the remainder when 71 is divided by d.
34
Suppose -25641 = -9*b - 12*b. Suppose 16*g - 779 - b = 0. What is the remainder when g is divided by 14?
13
Suppose 22*q = 20*q + 6. Suppose -b + 7 = -h, -q*b + 13 = -h - 6. Calculate the remainder when 25 is divided by 51/b*(1 - (-1 - 0)).
8
Let i(y) = 8*y + 31. Let s be i(-9). Let t = 68 + s. Suppose -2*p - 3*f + 42 = 0, t = p - f + 1. Calculate the remainder when 44 is divided by p.
20
Let b = -412 - -849. Suppose 28*s - b + 73 = 0. What is the remainder when 41 is divided by s?
2
Suppose -n = -6*n + 5*y + 18820, 0 = -27*n - 4*y + 101721. Calculate the remainder when n is divided by 130.
127
Let c be 5/10*4*(-10)/(-4). Suppose 0 = c*h - 18 - 7. Suppose 0 = 3*n - h*n + 4*y + 76, -2*n - 3*y = -97. Calculate the remainder when n is divided by 15.
14
Let p be (-6)/(-4) + 804/(-24). Let b = p + 51. Let o = -261 - -336. Calculate the remainder when o is divided by b.
18
Suppose -361*o + 366*o = -w + 131, -5*o = -5*w - 95. What is the remainder when 367 is divided by o?
17
Suppose -3*k = 4*d - 9, -3*d + 3 = k - 0*d. Calculate the remainder when 242 is divided by ((-40)/(-48)*-14)/(k/(-9)).
32
Let m be 68 + (-4 + 2)*-1. Suppose -5*y - 315 = -3*v, -y = -4*v + m - 7. Let f = y + 104. What is the remainder when 120 is divided by f?
38
Suppose -5*y - 7*y - 9888 = -28*y. Calculate the remainder when y is divided by 11.
2
Let w(t) = -24*t - 1. Suppose -191*j + 25530 = -53*j. What is the remainder when j is divided by w(-2)?
44
Let d(a) = -a**3 + 23*a**2 + 37*a + 57. What is the remainder when d(24) is divided by 113?
30
Let u(l) = 2189*l + 10959. What is the remainder when 1258 is divided by u(-5)?
12
What is the remainder when (-234)/(-429) + (-1015)/(-55) is divided by 10?
9
Let u(l) = l**3 - 20*l**2 + 19*l - 2. Let k be u(19). Let f be 10 + (-1 - k)*3. Suppose 17*g - 8 = f*g. What is the remainder when 4 is divided by g?
0
Let z be ((-12)/(-2) - -216) + -2. Suppose -l - 19*l + z = 0. What is the remainder when 53 is divided by l?
9
Let k = -528 - -522. Calculate the remainder when 20 is divided by 7*(24/k - -6).
6
Let m = 6342 + -6330. What is the remainder when 778 is divided by m?
10
Suppose -4*b - 136*q + 36568 = -132*q, -2*q = -6. Calculate the remainder when b is divided by 33.
31
Let d(j) = 24*j. Let u = -5955 - -6018. Calculate the remainder when u is divided by d(1).
15
Let r = -283 + 299. Suppose -5*k + 31 = r. Calculate the remainder when 3 is divided by k.
0
Let y = -9644 - -9810. Calculate the remainder when 829 is divided by y.
165
Suppose 18*s = 8*s + 40. Suppose 4 = 3*j - 8. Suppose j*l = 5*r + 23, 5*l - 12 - 23 = 5*r. Calculate the remainder when l is divided by s.
0
Suppose 0 = -14*n - 31*n + 71685. Calculate the remainder when n is divided by 266.
263
Let l = -10 - -116. Calculate the remainder when 63 is divided by l/13 - 16/104.
7
Suppose 0 = -2*j - 4*j - 18. Let a be (j + 2)/((-84)/81 + 1). Calculate the remainder when a/2 + 5/(-10) is divided by 9.
4
Let j(r) = 251*r**2 + 6*r + 5. Let g be j(-1). Suppose -5*i + g = 55. Calculate the remainder when 81 is divided by i.
3
Let o(n) = 3*n**2 + 24*n + 96. Let t(q) = -q + 24. What is the remainder when o(-7) is divided by t(-14)?
37
Suppose 3*f = 4*m - 1167 + 39, 2*f = m - 272. What is the remainder when 317 is divided by m?
29
Suppose 2*j - 5*j + 1051 = 5*a, -408 = -2*a + 5*j. Let u = 230 - a. Suppose 3*x - 5*x + 24 = 0. Calculate the remainder when u is divided by x.
9
Let t be 0 + (-2)/16 - (-3798)/48. Let y = t - 67. Let h(p) = 4*p + 1. Calculate the remainder when h(y) is divided by 18.
13
Let y = 729 - 727. Suppose -n + 169 = -y*p - 0*p, 3*n - 467 = -4*p. What is the remainder when n is divided by 24?
17
Let x be ((-9)/(-6))/(((-18)/(-40))/(-3)). What is the remainder when 10/(4 - 6)*24/x is divided by 3?
0
Let f(b) be the second derivative of -b**5/20 + 11*b**4/12 - 31*b**2/2 - 43*b. Let p be f(10). Let o = 115 - p. Calculate the remainder when 87 is divided by o.
41
Suppose 0*h = 13*h - 39. Let s be 38/133 - (-2)/(-7). Suppose h*z - 4 - 7 = -q, z - 3 = s. Calculate the remainder when 10 is divided by q.
0
Let r(k) = -k**3 + 4*k**2 + 3*k - 16. Let w be r(3). Suppose 5*v - 3*d = 899, -d - 372 = -w*v - 6*d. What is the remainder when v is divided by 14?
13
Let z(f) = -251*f - 4484. What is the remainder when z(-42) is divided by 101?
99
Let y(x) = -10*x + 1001. Calculate the remainder when y(83) is divided by 8.
3
Let n be 2*(-4)/((-60)/(-15)). Let r = -6 + 10. What is the remainder when 36 is divided by 20 + (3 - (-5)/n)*r?
14
Let t = 70 - 32. Suppose 3*b - 1166 = -11*k, -2*b - 57 = -k + 49. What is the remainder when k is divided by t?
30
Suppose 32 = 4*b + 4*k, 5*b + 5*k - 30 = b. Suppose 455 = -b*v + 5*v. Let a = -70 - v. Calculate the remai